{"id":6485,"date":"2025-03-26T19:19:52","date_gmt":"2025-03-26T19:19:52","guid":{"rendered":"https:\/\/elgolcamisetasdefutbol.com\/?post_type=product&#038;p=6485"},"modified":"2025-05-09T20:04:14","modified_gmt":"2025-05-09T20:04:14","slug":"pack-camiseta-x-15-uni-2","status":"publish","type":"product","link":"https:\/\/elgolcamisetasdefutbol.com\/index.php\/producto\/pack-camiseta-x-15-uni-2\/","title":{"rendered":"Pack camiseta x 15 uni."},"content":{"rendered":"","protected":false},"excerpt":{"rendered":"<div dir=\"auto\">\n<p>\u26bd\ufe0fNo esperes mas\u00a0camisetas ENTREGA INMEDIATA\u00a0\u26bd\ufe0f<\/p>\n<p>\u00a1Dale un toque \u00fanico a tu equipo con nuestras camisetas personalizadas!<\/p>\n<p>Camisetas predise\u00f1adas\u00a0 $15.900 c\/una<\/p>\n<p>&#8212;&#8212;&#8212;&#8212;&#8212;&#8212;-<br \/>\n\u23f0DESCUENTO por tiempo limitado\u23f0<br \/>\n&#8212;&#8212;&#8212;&#8212;&#8212;&#8212;-<\/p>\n<p>Somos fabricantes\ud83c\udfed<\/p>\n<p>Vienen numeradas del 2 en adelante<\/p>\n<p>Talle \/M\/L\/ XL \/ 1 talle por pack.<\/p>\n<p>\ud83d\udce6Entrega en 7 d\u00edas h\u00e1biles. \ud83d\udce6<\/p>\n<p>&#8212;&#8212;&#8212;&#8212;&#8212;&#8212;-<br \/>\nHacemos envios a todo el pais \ud83d\ude80<br \/>\n&#8212;&#8212;&#8212;&#8212;&#8212;&#8212;-<\/p>\n<\/div>\n<div dir=\"auto\"><\/div>\n<div dir=\"auto\"><span style=\"font-size: 16px;\">Esta prenda est\u00e1 confeccionada en 100% poli\u00e9ster, lo que garantiza una excelente transpirabilidad y un secado r\u00e1pido, ideal para entrenamientos intensos.<\/span><\/div>\n<div dir=\"auto\"><\/div>\n<div dir=\"auto\"><\/div>\n<div dir=\"auto\">\n<p>Con un corte moderno y un cuello redondo, esta remera de manga corta se adapta a tu cuerpo sin restringir tus movimientos.<\/p>\n<p>&nbsp;<\/p>\n<p>La tela de alta calidad asegura durabilidad y resistencia, permitiendo que la prenda mantenga su forma y color incluso despu\u00e9s de m\u00faltiples lavados.<\/p>\n<p>&nbsp;<\/p>\n<p>Sabias cual es la diferencia entre una persona que luce bien una prenda y la que no?.<br \/>\nBueno, no es la persona, es la prenda. Por eso nuestras remeras cumplieron con las expectativas de nuestros clientes.<\/p>\n<p>Ya son mas de 10 a\u00f1os que realizamos ventas online a lo largo de todo el pais.<\/p>\n<p>Calidad:<\/p>\n<p>\u2013 Costuras reforzadas<br \/>\n\u2013 Tinturas firmes y resistente a los continuos lavados<\/p>\n<p>Medidas de talle:<\/p>\n<p>S: ancho 47 cm x alto 68 cm.<br \/>\nM: ancho 50 cm x alto 71 cm.<br \/>\nL: ancho 52 cm x alto 73 cm.<br \/>\nXL: ancho 54 cm x alto 75 cm.<br \/>\nXXL: ancho 57 cm x alto 77 cm.<br \/>\nXXXL: ancho 59 cm x alto 79 cm.<\/p>\n<\/div>\n<section class=\"elementor-section elementor-top-section elementor-element elementor-element-b16dcab elementor-section-boxed elementor-section-height-default elementor-section-height-default\" data-id=\"b16dcab\" data-element_type=\"section\">\n<div class=\"elementor-container elementor-column-gap-default\">\n<div class=\"elementor-column elementor-col-100 elementor-top-column elementor-element elementor-element-16b920c\" data-id=\"16b920c\" data-element_type=\"column\">\n<div class=\"elementor-widget-wrap elementor-element-populated\">\n<div class=\"elementor-element elementor-element-0f54fe6 elementor-widget elementor-widget-heading\" data-id=\"0f54fe6\" data-element_type=\"widget\" data-widget_type=\"heading.default\">\n<div class=\"elementor-widget-container\">\n<h2 class=\"elementor-heading-title elementor-size-default\">PREGUNTAS FRECUENTES<\/h2>\n<p>&nbsp;<\/p>\n<\/div>\n<\/div>\n<\/div>\n<\/div>\n<\/div>\n<\/section>\n<section class=\"elementor-section elementor-top-section elementor-element elementor-element-8e822ea elementor-section-boxed elementor-section-height-default elementor-section-height-default\" data-id=\"8e822ea\" data-element_type=\"section\">\n<div class=\"elementor-container elementor-column-gap-default\">\n<div class=\"elementor-column elementor-col-100 elementor-top-column elementor-element elementor-element-c6af5cb\" data-id=\"c6af5cb\" data-element_type=\"column\">\n<div class=\"elementor-widget-wrap elementor-element-populated\">\n<div class=\"elementor-element elementor-element-b847f1e elementor-widget elementor-widget-heading\" data-id=\"b847f1e\" data-element_type=\"widget\" data-widget_type=\"heading.default\">\n<div class=\"elementor-widget-container\">\n<h4 class=\"elementor-heading-title elementor-size-default\">\u00bfPor qu\u00e9 elegir Elgol?<\/h4>\n<p>&nbsp;<\/p>\n<\/div>\n<\/div>\n<\/div>\n<\/div>\n<\/div>\n<\/section>\n<section class=\"elementor-section elementor-top-section elementor-element elementor-element-6b75a7f elementor-section-boxed elementor-section-height-default elementor-section-height-default\" data-id=\"6b75a7f\" data-element_type=\"section\">\n<div class=\"elementor-container elementor-column-gap-default\">\n<div class=\"elementor-column elementor-col-100 elementor-top-column elementor-element elementor-element-aed3c77\" data-id=\"aed3c77\" data-element_type=\"column\">\n<div class=\"elementor-widget-wrap elementor-element-populated\">\n<div class=\"elementor-element elementor-element-951e8c1 elementor-widget elementor-widget-text-editor\" data-id=\"951e8c1\" data-element_type=\"widget\" data-widget_type=\"text-editor.default\">\n<div class=\"elementor-widget-container\">\n<p>Porque queremos que te sientas seguro y satisfecho con tu compra. Entendemos que hay opciones m\u00e1s baratas en el mercado, pero a menudo sacrifican la calidad y la confiabilidad.<\/p>\n<p>Nuestras camisetas son confeccionadas con materiales de alta calidad y dise\u00f1adas para que te sientas c\u00f3modo y seguro.<\/p>\n<p>Adem\u00e1s, somos una empresa confiable que ha trabajado con miles de clientes en todo el pa\u00eds.<\/p>\n<p>Nuestros clientes nos han dado su confianza y hemos cumplido con sus expectativas, mira aca que opinan \ud83d\udc47:<\/p>\n<p>https:\/\/www.instagram.com\/p\/Cj5X8QEszZY\/?igshid=YmMyMTA2M2Y=<\/p>\n<p>&nbsp;<\/p>\n<\/div>\n<\/div>\n<\/div>\n<\/div>\n<\/div>\n<\/section>\n<section class=\"elementor-section elementor-top-section elementor-element elementor-element-867c927 elementor-section-boxed elementor-section-height-default elementor-section-height-default\" data-id=\"867c927\" data-element_type=\"section\">\n<div class=\"elementor-container elementor-column-gap-default\">\n<div class=\"elementor-column elementor-col-100 elementor-top-column elementor-element elementor-element-fd6b159\" data-id=\"fd6b159\" data-element_type=\"column\">\n<div class=\"elementor-widget-wrap elementor-element-populated\">\n<div class=\"elementor-element elementor-element-e1f44b3 elementor-widget elementor-widget-heading\" data-id=\"e1f44b3\" data-element_type=\"widget\" data-widget_type=\"heading.default\">\n<div class=\"elementor-widget-container\">\n<h4 class=\"elementor-heading-title elementor-size-default\">\u00bfC\u00f3mo se si me va a quedar bien la prenda?<\/h4>\n<\/div>\n<\/div>\n<\/div>\n<\/div>\n<\/div>\n<\/section>\n<section class=\"elementor-section elementor-top-section elementor-element elementor-element-bd917ba elementor-section-boxed elementor-section-height-default elementor-section-height-default\" data-id=\"bd917ba\" data-element_type=\"section\">\n<div class=\"elementor-container elementor-column-gap-default\">\n<div class=\"elementor-column elementor-col-100 elementor-top-column elementor-element elementor-element-cc30cbd\" data-id=\"cc30cbd\" data-element_type=\"column\">\n<div class=\"elementor-widget-wrap elementor-element-populated\">\n<div class=\"elementor-element elementor-element-c0ae336 elementor-widget elementor-widget-text-editor\" data-id=\"c0ae336\" data-element_type=\"widget\" data-widget_type=\"text-editor.default\">\n<div class=\"elementor-widget-container\">\n<p>Para que puedas lucir al m\u00e1ximo tu prenda tienes a tu disposici\u00f3n las tablas de talles.<\/p>\n<\/div>\n<\/div>\n<\/div>\n<\/div>\n<\/div>\n<\/section>\n<section class=\"elementor-section elementor-top-section elementor-element elementor-element-abafa61 elementor-section-boxed elementor-section-height-default elementor-section-height-default\" data-id=\"abafa61\" data-element_type=\"section\">\n<div class=\"elementor-container elementor-column-gap-default\">\n<div class=\"elementor-column elementor-col-100 elementor-top-column elementor-element elementor-element-555e633\" data-id=\"555e633\" data-element_type=\"column\">\n<div class=\"elementor-widget-wrap elementor-element-populated\">\n<div class=\"elementor-element elementor-element-d02c425 elementor-widget elementor-widget-heading\" data-id=\"d02c425\" data-element_type=\"widget\" data-widget_type=\"heading.default\">\n<div class=\"elementor-widget-container\">\n<h4 class=\"elementor-heading-title elementor-size-default\">\u00bfCu\u00e1les son las opciones de envi\u00f3 y tiempo de entrega?<\/h4>\n<\/div>\n<\/div>\n<\/div>\n<\/div>\n<\/div>\n<\/section>\n<section class=\"elementor-section elementor-top-section elementor-element elementor-element-a53138e elementor-section-boxed elementor-section-height-default elementor-section-height-default\" data-id=\"a53138e\" data-element_type=\"section\">\n<div class=\"elementor-container elementor-column-gap-default\">\n<div class=\"elementor-column elementor-col-100 elementor-top-column elementor-element elementor-element-0cd626a\" data-id=\"0cd626a\" data-element_type=\"column\">\n<div class=\"elementor-widget-wrap elementor-element-populated\">\n<div class=\"elementor-element elementor-element-03479d5 elementor-widget elementor-widget-text-editor\" data-id=\"03479d5\" data-element_type=\"widget\" data-widget_type=\"text-editor.default\">\n<div class=\"elementor-widget-container\">\n<p>Una vez que realizas tu pedido el mismo se despacha por correo argentino y tienen\u00a0 un tiempo de entrega de 3 d\u00edas h\u00e1biles.<\/p>\n<p>Tambi\u00e9n podes retirar en nuestro local ubicado en Belgrano 719, Pilar, Buenos Aires. De lunes a viernes de 10:00 a 19:00 hs y sabados de 10:00 a 13:00 hs.<\/p>\n<\/div>\n<\/div>\n<\/div>\n<\/div>\n<\/div>\n<\/section>\n<section class=\"elementor-section elementor-top-section elementor-element elementor-element-e724e5b elementor-section-boxed elementor-section-height-default elementor-section-height-default\" data-id=\"e724e5b\" data-element_type=\"section\">\n<div class=\"elementor-container elementor-column-gap-default\">\n<div class=\"elementor-column elementor-col-100 elementor-top-column elementor-element elementor-element-7a5b4c7\" data-id=\"7a5b4c7\" data-element_type=\"column\">\n<div class=\"elementor-widget-wrap elementor-element-populated\">\n<div class=\"elementor-element elementor-element-3d0c314 elementor-widget elementor-widget-heading\" data-id=\"3d0c314\" data-element_type=\"widget\" data-widget_type=\"heading.default\">\n<div class=\"elementor-widget-container\">\n<h4 class=\"elementor-heading-title elementor-size-default\">\u00bfQu\u00e9 pasa si no recibo mi pedido?<\/h4>\n<\/div>\n<\/div>\n<\/div>\n<\/div>\n<\/div>\n<\/section>\n<section class=\"elementor-section elementor-top-section elementor-element elementor-element-feed43a elementor-section-boxed elementor-section-height-default elementor-section-height-default\" data-id=\"feed43a\" data-element_type=\"section\">\n<div class=\"elementor-container elementor-column-gap-default\">\n<div class=\"elementor-column elementor-col-100 elementor-top-column elementor-element elementor-element-2d9df44\" data-id=\"2d9df44\" data-element_type=\"column\">\n<div class=\"elementor-widget-wrap elementor-element-populated\">\n<div class=\"elementor-element elementor-element-b9739ad elementor-widget elementor-widget-text-editor\" data-id=\"b9739ad\" data-element_type=\"widget\" data-widget_type=\"text-editor.default\">\n<div class=\"elementor-widget-container\">\n<p>Si transcurridos los 3 d\u00edas h\u00e1biles no recib\u00eds tu pedido podes escribirnos por whatsapp al 1133288504 para brindarte una respuesta a la brevedad. Tambi\u00e9n cabe la posibilidad que el correo no encuentre a nadie en el domicilio y dejen el paquete para retirarlo en la sucursal de correo Argentino de tu localidad.<\/p>\n<p>Adem\u00e1s te vamos a proporcionar un numero de seguimiento para poder ver en todo momento el estado de tu pedido.<\/p>\n<\/div>\n<\/div>\n<\/div>\n<\/div>\n<\/div>\n<\/section>\n<section class=\"elementor-section elementor-top-section elementor-element elementor-element-1ec96be elementor-section-boxed elementor-section-height-default elementor-section-height-default\" data-id=\"1ec96be\" data-element_type=\"section\">\n<div class=\"elementor-container elementor-column-gap-default\">\n<div class=\"elementor-column elementor-col-100 elementor-top-column elementor-element elementor-element-d99d5e1\" data-id=\"d99d5e1\" data-element_type=\"column\">\n<div class=\"elementor-widget-wrap elementor-element-populated\">\n<div class=\"elementor-element elementor-element-ef9c645 elementor-widget elementor-widget-heading\" data-id=\"ef9c645\" data-element_type=\"widget\" data-widget_type=\"heading.default\">\n<div class=\"elementor-widget-container\">\n<h4 class=\"elementor-heading-title elementor-size-default\">\u00bfLas prendas tienen cambio por talle?<\/h4>\n<\/div>\n<\/div>\n<\/div>\n<\/div>\n<\/div>\n<\/section>\n<section class=\"elementor-section elementor-top-section elementor-element elementor-element-b3e9e46 elementor-section-boxed elementor-section-height-default elementor-section-height-default\" data-id=\"b3e9e46\" data-element_type=\"section\">\n<div class=\"elementor-container elementor-column-gap-default\">\n<div class=\"elementor-column elementor-col-100 elementor-top-column elementor-element elementor-element-a4d0104\" data-id=\"a4d0104\" data-element_type=\"column\">\n<div class=\"elementor-widget-wrap elementor-element-populated\">\n<div class=\"elementor-element elementor-element-31985a2 elementor-widget elementor-widget-text-editor\" data-id=\"31985a2\" data-element_type=\"widget\" data-widget_type=\"text-editor.default\">\n<div class=\"elementor-widget-container\">\n<p>Si, podes cambiar tu prenda en caso de querer otro talle, en este caso queda sujeto a disponibilidad de stock (no disponible para personalizados). Por eso es que te recomendamos ver la tabla de talles.<\/p>\n<\/div>\n<\/div>\n<\/div>\n<\/div>\n<\/div>\n<\/section>\n<section class=\"elementor-section elementor-top-section elementor-element elementor-element-caedf0e elementor-section-boxed elementor-section-height-default elementor-section-height-default\" data-id=\"caedf0e\" data-element_type=\"section\">\n<div class=\"elementor-container elementor-column-gap-default\">\n<div class=\"elementor-column elementor-col-100 elementor-top-column elementor-element elementor-element-a130627\" data-id=\"a130627\" data-element_type=\"column\">\n<div class=\"elementor-widget-wrap elementor-element-populated\">\n<div class=\"elementor-element elementor-element-b4e99fb elementor-widget elementor-widget-heading\" data-id=\"b4e99fb\" data-element_type=\"widget\" data-widget_type=\"heading.default\">\n<div class=\"elementor-widget-container\">\n<h4 class=\"elementor-heading-title elementor-size-default\">\u00bfLas prendas tienen garant\u00eda?<\/h4>\n<\/div>\n<\/div>\n<\/div>\n<\/div>\n<\/div>\n<\/section>\n<section class=\"elementor-section elementor-top-section elementor-element elementor-element-8e46e09 elementor-section-boxed elementor-section-height-default elementor-section-height-default\" data-id=\"8e46e09\" data-element_type=\"section\">\n<div class=\"elementor-container elementor-column-gap-default\">\n<div class=\"elementor-column elementor-col-100 elementor-top-column elementor-element elementor-element-cf4c74a\" data-id=\"cf4c74a\" data-element_type=\"column\">\n<div class=\"elementor-widget-wrap elementor-element-populated\">\n<div class=\"elementor-element elementor-element-7caa4a7 elementor-widget elementor-widget-text-editor\" data-id=\"7caa4a7\" data-element_type=\"widget\" data-widget_type=\"text-editor.default\">\n<div class=\"elementor-widget-container\">\n<p>Nuestras Prendas cuentan con garant\u00eda de 30 d\u00edas por falla de fabrica, no aplica para rupturas por uso, por ejemplo enganches.<\/p>\n<\/div>\n<\/div>\n<\/div>\n<\/div>\n<\/div>\n<\/section>\n<section class=\"elementor-section elementor-top-section elementor-element elementor-element-78fa37f elementor-section-boxed elementor-section-height-default elementor-section-height-default\" data-id=\"78fa37f\" data-element_type=\"section\">\n<div class=\"elementor-container elementor-column-gap-default\">\n<div class=\"elementor-column elementor-col-100 elementor-top-column elementor-element elementor-element-efad97b\" data-id=\"efad97b\" data-element_type=\"column\">\n<div class=\"elementor-widget-wrap elementor-element-populated\">\n<div class=\"elementor-element elementor-element-ebc5daf elementor-widget elementor-widget-heading\" data-id=\"ebc5daf\" data-element_type=\"widget\" data-widget_type=\"heading.default\">\n<div class=\"elementor-widget-container\">\n<h4 class=\"elementor-heading-title elementor-size-default\">\u00bfQu\u00e9 tipo de calidad es?<\/h4>\n<\/div>\n<\/div>\n<\/div>\n<\/div>\n<\/div>\n<\/section>\n<section class=\"elementor-section elementor-top-section elementor-element elementor-element-8fac48c elementor-section-boxed elementor-section-height-default elementor-section-height-default\" data-id=\"8fac48c\" data-element_type=\"section\">\n<div class=\"elementor-container elementor-column-gap-default\">\n<div class=\"elementor-column elementor-col-100 elementor-top-column elementor-element elementor-element-daae966\" data-id=\"daae966\" data-element_type=\"column\">\n<div class=\"elementor-widget-wrap elementor-element-populated\">\n<div class=\"elementor-element elementor-element-24dea6e elementor-widget elementor-widget-text-editor\" data-id=\"24dea6e\" data-element_type=\"widget\" data-widget_type=\"text-editor.default\">\n<div class=\"elementor-widget-container\">\n<p>En Elgol trabajamos con telas Set de Poli\u00e9ster 100% Deportivo de excelente calidad, las camisetas poseen refuerzos en Hombros y cuello. Cuentan con una tintura firme resistente a los continuos lavados, manteniendo su color original. Las impresiones en la tela son digitales !!No se despegan ni se estropean los logos.!!No se achican ni deforman ya que cuentan con un preplanchado.<\/p>\n<\/div>\n<\/div>\n<\/div>\n<\/div>\n<\/div>\n<\/section>\n","protected":false},"featured_media":6406,"template":"","meta":{"_monsterinsights_skip_tracking":false,"_monsterinsights_sitenote_active":false,"_monsterinsights_sitenote_note":"","_monsterinsights_sitenote_category":0,"ocean_post_layout":"","ocean_both_sidebars_style":"","ocean_both_sidebars_content_width":0,"ocean_both_sidebars_sidebars_width":0,"ocean_sidebar":"","ocean_second_sidebar":"","ocean_disable_margins":"enable","ocean_add_body_class":"","ocean_shortcode_before_top_bar":"","ocean_shortcode_after_top_bar":"","ocean_shortcode_before_header":"","ocean_shortcode_after_header":"","ocean_has_shortcode":"","ocean_shortcode_after_title":"","ocean_shortcode_before_footer_widgets":"","ocean_shortcode_after_footer_widgets":"","ocean_shortcode_before_footer_bottom":"","ocean_shortcode_after_footer_bottom":"","ocean_display_top_bar":"default","ocean_display_header":"default","ocean_header_style":"","ocean_center_header_left_menu":"","ocean_custom_header_template":"","ocean_custom_logo":0,"ocean_custom_retina_logo":0,"ocean_custom_logo_max_width":0,"ocean_custom_logo_tablet_max_width":0,"ocean_custom_logo_mobile_max_width":0,"ocean_custom_logo_max_height":0,"ocean_custom_logo_tablet_max_height":0,"ocean_custom_logo_mobile_max_height":0,"ocean_header_custom_menu":"","ocean_menu_typo_font_family":"","ocean_menu_typo_font_subset":"","ocean_menu_typo_font_size":0,"ocean_menu_typo_font_size_tablet":0,"ocean_menu_typo_font_size_mobile":0,"ocean_menu_typo_font_size_unit":"px","ocean_menu_typo_font_weight":"","ocean_menu_typo_font_weight_tablet":"","ocean_menu_typo_font_weight_mobile":"","ocean_menu_typo_transform":"","ocean_menu_typo_transform_tablet":"","ocean_menu_typo_transform_mobile":"","ocean_menu_typo_line_height":0,"ocean_menu_typo_line_height_tablet":0,"ocean_menu_typo_line_height_mobile":0,"ocean_menu_typo_line_height_unit":"","ocean_menu_typo_spacing":0,"ocean_menu_typo_spacing_tablet":0,"ocean_menu_typo_spacing_mobile":0,"ocean_menu_typo_spacing_unit":"","ocean_menu_link_color":"","ocean_menu_link_color_hover":"","ocean_menu_link_color_active":"","ocean_menu_link_background":"","ocean_menu_link_hover_background":"","ocean_menu_link_active_background":"","ocean_menu_social_links_bg":"","ocean_menu_social_hover_links_bg":"","ocean_menu_social_links_color":"","ocean_menu_social_hover_links_color":"","ocean_disable_title":"default","ocean_disable_heading":"default","ocean_post_title":"","ocean_post_subheading":"","ocean_post_title_style":"","ocean_post_title_background_color":"","ocean_post_title_background":0,"ocean_post_title_bg_image_position":"","ocean_post_title_bg_image_attachment":"","ocean_post_title_bg_image_repeat":"","ocean_post_title_bg_image_size":"","ocean_post_title_height":0,"ocean_post_title_bg_overlay":0.5,"ocean_post_title_bg_overlay_color":"","ocean_disable_breadcrumbs":"default","ocean_breadcrumbs_color":"","ocean_breadcrumbs_separator_color":"","ocean_breadcrumbs_links_color":"","ocean_breadcrumbs_links_hover_color":"","ocean_display_footer_widgets":"default","ocean_display_footer_bottom":"default","ocean_custom_footer_template":"","_joinchat":[]},"product_brand":[],"product_cat":[15],"product_tag":[],"class_list":{"0":"post-6485","1":"product","2":"type-product","3":"status-publish","4":"has-post-thumbnail","6":"product_cat-sin-categorizar","8":"entry","9":"has-media","11":"first","12":"instock","13":"sale","14":"shipping-taxable","15":"purchasable","16":"product-type-variable","17":"has-product-nav","18":"col","19":"span_1_of_3","20":"owp-content-center","21":"owp-thumbs-layout-horizontal","22":"owp-btn-normal","23":"owp-tabs-layout-vertical"},"aioseo_notices":[],"_links":{"self":[{"href":"https:\/\/elgolcamisetasdefutbol.com\/index.php\/wp-json\/wp\/v2\/product\/6485","targetHints":{"allow":["GET"]}}],"collection":[{"href":"https:\/\/elgolcamisetasdefutbol.com\/index.php\/wp-json\/wp\/v2\/product"}],"about":[{"href":"https:\/\/elgolcamisetasdefutbol.com\/index.php\/wp-json\/wp\/v2\/types\/product"}],"version-history":[{"count":4,"href":"https:\/\/elgolcamisetasdefutbol.com\/index.php\/wp-json\/wp\/v2\/product\/6485\/revisions"}],"predecessor-version":[{"id":6522,"href":"https:\/\/elgolcamisetasdefutbol.com\/index.php\/wp-json\/wp\/v2\/product\/6485\/revisions\/6522"}],"wp:featuredmedia":[{"embeddable":true,"href":"https:\/\/elgolcamisetasdefutbol.com\/index.php\/wp-json\/wp\/v2\/media\/6406"}],"wp:attachment":[{"href":"https:\/\/elgolcamisetasdefutbol.com\/index.php\/wp-json\/wp\/v2\/media?parent=6485"}],"wp:term":[{"taxonomy":"product_brand","embeddable":true,"href":"https:\/\/elgolcamisetasdefutbol.com\/index.php\/wp-json\/wp\/v2\/product_brand?post=6485"},{"taxonomy":"product_cat","embeddable":true,"href":"https:\/\/elgolcamisetasdefutbol.com\/index.php\/wp-json\/wp\/v2\/product_cat?post=6485"},{"taxonomy":"product_tag","embeddable":true,"href":"https:\/\/elgolcamisetasdefutbol.com\/index.php\/wp-json\/wp\/v2\/product_tag?post=6485"}],"curies":[{"name":"wp","href":"https:\/\/api.w.org\/{rel}","templated":true}]}}