{"id":5114,"date":"2024-03-19T17:30:23","date_gmt":"2024-03-19T17:30:23","guid":{"rendered":"https:\/\/elgolcamisetasdefutbol.com\/?post_type=product&#038;p=5114"},"modified":"2025-07-22T17:52:18","modified_gmt":"2025-07-22T17:52:18","slug":"camiseta-futbol-entrenamiento-v-roja","status":"publish","type":"product","link":"https:\/\/elgolcamisetasdefutbol.com\/index.php\/producto\/camiseta-futbol-entrenamiento-v-roja\/","title":{"rendered":"camiseta futbol\/ entrenamiento V roja"},"content":{"rendered":"<div dir=\"auto\"><span style=\"font-size: 16px;\">Esta remera deportiva de entrenamiento es la elecci\u00f3n perfecta para quienes buscan comodidad y rendimiento en sus actividades f\u00edsicas.<\/span><\/div>\n<div dir=\"auto\">\n<p>Esta prenda est\u00e1 confeccionada en 100% poli\u00e9ster, lo que garantiza una excelente transpirabilidad y un secado r\u00e1pido, ideal para entrenamientos intensos.<\/p>\n<p>Con un corte moderno y un cuello redondo, esta remera de manga corta se adapta a tu cuerpo sin restringir tus movimientos.<\/p>\n<p>Su dise\u00f1o minimalista permite combinarla f\u00e1cilmente con cualquier prenda, inclusive el uso cotidiano, brindando un look fresco y din\u00e1mico tanto en el gimnasio como en actividades al aire libre.<\/p>\n<p>La tela de alta calidad asegura durabilidad y resistencia, permitiendo que la prenda mantenga su forma y color incluso despu\u00e9s de m\u00faltiples lavados.<\/p>\n<p>Adem\u00e1s, su ligereza la convierte en una opci\u00f3n ideal para el entrenamiento diario, asegurando que te sientas c\u00f3modo y concentrado en tus objetivos.<\/p>\n<p>El modelo de remera deportiva de Elgol es m\u00e1s que una simple prenda; es una herramienta que potencia tu rendimiento y te acompa\u00f1a en cada paso de tu rutina.<\/p>\n<p>No dejes pasar la oportunidad de mejorar tu experiencia de entrenamiento con esta remera que combina estilo, funcionalidad y confort.<\/p>\n<p>Sabias cual es la diferencia entre una persona que luce bien una prenda y la que no?.<br \/>\nBueno, no es la persona, es la prenda. Por eso nuestras remeras cumplieron con las expectativas de nuestros clientes.<\/p>\n<p>Ya son mas de 10 a\u00f1os que realizamos ventas online a lo largo de todo el pais.<\/p>\n<p>Calidad:<\/p>\n<p>\u2013 Costuras reforzadas<br \/>\n\u2013 Tinturas firmes y resistente a los continuos lavados<\/p>\n<p>Medidas de talle:<\/p>\n<p>S: ancho 47 cm x alto 68 cm.<br \/>\nM: ancho 50 cm x alto 71 cm.<br \/>\nL: ancho 52 cm x alto 73 cm.<br \/>\nXL: ancho 54 cm x alto 75 cm.<br \/>\nXXL: ancho 57 cm x alto 77 cm.<br \/>\nXXXL: ancho 59 cm x alto 79 cm.<\/p>\n<\/div>\n<section class=\"elementor-section elementor-top-section elementor-element elementor-element-b16dcab elementor-section-boxed elementor-section-height-default elementor-section-height-default\" data-id=\"b16dcab\" data-element_type=\"section\">\n<div class=\"elementor-container elementor-column-gap-default\">\n<div class=\"elementor-column elementor-col-100 elementor-top-column elementor-element elementor-element-16b920c\" data-id=\"16b920c\" data-element_type=\"column\">\n<div class=\"elementor-widget-wrap elementor-element-populated\">\n<div class=\"elementor-element elementor-element-0f54fe6 elementor-widget elementor-widget-heading\" data-id=\"0f54fe6\" data-element_type=\"widget\" data-widget_type=\"heading.default\">\n<div class=\"elementor-widget-container\"><\/div>\n<\/div>\n<\/div>\n<\/div>\n<\/div>\n<\/section>\n<section class=\"elementor-section elementor-top-section elementor-element elementor-element-8fac48c elementor-section-boxed elementor-section-height-default elementor-section-height-default\" data-id=\"8fac48c\" data-element_type=\"section\">\n<div class=\"elementor-container elementor-column-gap-default\">\n<div class=\"elementor-column elementor-col-100 elementor-top-column elementor-element elementor-element-daae966\" data-id=\"daae966\" data-element_type=\"column\">\n<div class=\"elementor-widget-wrap elementor-element-populated\">\n<div class=\"elementor-element elementor-element-24dea6e elementor-widget elementor-widget-text-editor\" data-id=\"24dea6e\" data-element_type=\"widget\" data-widget_type=\"text-editor.default\">\n<div class=\"elementor-widget-container\">\n<p>&nbsp;<\/p>\n<\/div>\n<\/div>\n<\/div>\n<\/div>\n<\/div>\n<\/section>\n","protected":false},"excerpt":{"rendered":"<p>Esta remera deportiva de entrenamiento es la elecci\u00f3n perfecta para quienes buscan comodidad y rendimiento en sus actividades f\u00edsicas. Esta prenda est\u00e1 confeccionada en 100% poli\u00e9ster, lo que garantiza una excelente transpirabilidad y un secado r\u00e1pido, ideal para entrenamientos intensos. Con un corte moderno y un cuello redondo, esta remera de manga corta se adapta [&hellip;]<\/p>\n","protected":false},"featured_media":5117,"template":"","meta":{"_monsterinsights_skip_tracking":false,"_monsterinsights_sitenote_active":false,"_monsterinsights_sitenote_note":"","_monsterinsights_sitenote_category":0,"ocean_post_layout":"","ocean_both_sidebars_style":"","ocean_both_sidebars_content_width":0,"ocean_both_sidebars_sidebars_width":0,"ocean_sidebar":"0","ocean_second_sidebar":"0","ocean_disable_margins":"enable","ocean_add_body_class":"","ocean_shortcode_before_top_bar":"","ocean_shortcode_after_top_bar":"","ocean_shortcode_before_header":"","ocean_shortcode_after_header":"","ocean_has_shortcode":"","ocean_shortcode_after_title":"","ocean_shortcode_before_footer_widgets":"","ocean_shortcode_after_footer_widgets":"","ocean_shortcode_before_footer_bottom":"","ocean_shortcode_after_footer_bottom":"","ocean_display_top_bar":"default","ocean_display_header":"default","ocean_header_style":"","ocean_center_header_left_menu":"0","ocean_custom_header_template":"0","ocean_custom_logo":0,"ocean_custom_retina_logo":0,"ocean_custom_logo_max_width":0,"ocean_custom_logo_tablet_max_width":0,"ocean_custom_logo_mobile_max_width":0,"ocean_custom_logo_max_height":0,"ocean_custom_logo_tablet_max_height":0,"ocean_custom_logo_mobile_max_height":0,"ocean_header_custom_menu":"0","ocean_menu_typo_font_family":"0","ocean_menu_typo_font_subset":"","ocean_menu_typo_font_size":0,"ocean_menu_typo_font_size_tablet":0,"ocean_menu_typo_font_size_mobile":0,"ocean_menu_typo_font_size_unit":"px","ocean_menu_typo_font_weight":"","ocean_menu_typo_font_weight_tablet":"","ocean_menu_typo_font_weight_mobile":"","ocean_menu_typo_transform":"","ocean_menu_typo_transform_tablet":"","ocean_menu_typo_transform_mobile":"","ocean_menu_typo_line_height":0,"ocean_menu_typo_line_height_tablet":0,"ocean_menu_typo_line_height_mobile":0,"ocean_menu_typo_line_height_unit":"","ocean_menu_typo_spacing":0,"ocean_menu_typo_spacing_tablet":0,"ocean_menu_typo_spacing_mobile":0,"ocean_menu_typo_spacing_unit":"","ocean_menu_link_color":"","ocean_menu_link_color_hover":"","ocean_menu_link_color_active":"","ocean_menu_link_background":"","ocean_menu_link_hover_background":"","ocean_menu_link_active_background":"","ocean_menu_social_links_bg":"","ocean_menu_social_hover_links_bg":"","ocean_menu_social_links_color":"","ocean_menu_social_hover_links_color":"","ocean_disable_title":"default","ocean_disable_heading":"default","ocean_post_title":"","ocean_post_subheading":"","ocean_post_title_style":"","ocean_post_title_background_color":"","ocean_post_title_background":0,"ocean_post_title_bg_image_position":"","ocean_post_title_bg_image_attachment":"","ocean_post_title_bg_image_repeat":"","ocean_post_title_bg_image_size":"","ocean_post_title_height":0,"ocean_post_title_bg_overlay":0.5,"ocean_post_title_bg_overlay_color":"","ocean_disable_breadcrumbs":"default","ocean_breadcrumbs_color":"","ocean_breadcrumbs_separator_color":"","ocean_breadcrumbs_links_color":"","ocean_breadcrumbs_links_hover_color":"","ocean_display_footer_widgets":"default","ocean_display_footer_bottom":"default","ocean_custom_footer_template":"0","_joinchat":[]},"product_brand":[],"product_cat":[169],"product_tag":[],"class_list":{"0":"post-5114","1":"product","2":"type-product","3":"status-publish","4":"has-post-thumbnail","6":"product_cat-camisetahombre","8":"entry","9":"has-media","11":"first","12":"instock","13":"shipping-taxable","14":"purchasable","15":"product-type-variable","16":"has-product-nav","17":"col","18":"span_1_of_3","19":"owp-content-center","20":"owp-thumbs-layout-horizontal","21":"owp-btn-normal","22":"owp-tabs-layout-vertical"},"aioseo_notices":[],"_links":{"self":[{"href":"https:\/\/elgolcamisetasdefutbol.com\/index.php\/wp-json\/wp\/v2\/product\/5114","targetHints":{"allow":["GET"]}}],"collection":[{"href":"https:\/\/elgolcamisetasdefutbol.com\/index.php\/wp-json\/wp\/v2\/product"}],"about":[{"href":"https:\/\/elgolcamisetasdefutbol.com\/index.php\/wp-json\/wp\/v2\/types\/product"}],"version-history":[{"count":4,"href":"https:\/\/elgolcamisetasdefutbol.com\/index.php\/wp-json\/wp\/v2\/product\/5114\/revisions"}],"predecessor-version":[{"id":7723,"href":"https:\/\/elgolcamisetasdefutbol.com\/index.php\/wp-json\/wp\/v2\/product\/5114\/revisions\/7723"}],"wp:featuredmedia":[{"embeddable":true,"href":"https:\/\/elgolcamisetasdefutbol.com\/index.php\/wp-json\/wp\/v2\/media\/5117"}],"wp:attachment":[{"href":"https:\/\/elgolcamisetasdefutbol.com\/index.php\/wp-json\/wp\/v2\/media?parent=5114"}],"wp:term":[{"taxonomy":"product_brand","embeddable":true,"href":"https:\/\/elgolcamisetasdefutbol.com\/index.php\/wp-json\/wp\/v2\/product_brand?post=5114"},{"taxonomy":"product_cat","embeddable":true,"href":"https:\/\/elgolcamisetasdefutbol.com\/index.php\/wp-json\/wp\/v2\/product_cat?post=5114"},{"taxonomy":"product_tag","embeddable":true,"href":"https:\/\/elgolcamisetasdefutbol.com\/index.php\/wp-json\/wp\/v2\/product_tag?post=5114"}],"curies":[{"name":"wp","href":"https:\/\/api.w.org\/{rel}","templated":true}]}}